
What is the units digit of 8307/7 + (-279)/(-21) + -13?
7
Let g = 128 - 115. What is the units digit of (-1 - (g - -2))*-11?
6
Let h be (-4)/(-22) - (-4647)/33. Suppose -2*g - 9 = g, 3*s = -4*g + h. What is the units digit of s?
1
Suppose 8 = a - 5*a, -2*h + a + 966 = 0. What is the tens digit of h?
8
Let y be 2/7 + 240/42. Suppose y*x - 21 = 3. What is the tens digit of 2 - 50/x*-2?
2
Let c(t) = 977*t + 89. What is the tens digit of c(4)?
9
Let b(n) be the third derivative of n**5/60 - n**4/4 - 2*n**3/3 + 2*n**2. Let p be b(-6). Suppose 9*w + p = 11*w. What is the tens digit of w?
3
Let a = 65 - -36. Suppose a - 245 = -4*n. What is the tens digit of (-3)/4 - (-711)/n?
1
Suppose 56*k - 59*k = -30. What is the tens digit of 93 - -4 - k/2?
9
Let c be (-4 - -2)*2 - -2. What is the tens digit of (50 - -1 - c) + 2?
5
Let u = -55 - 15. Let c = u - -124. What is the units digit of c?
4
Let d(k) be the second derivative of 1/20*k**5 + 3/2*k**2 + 5*k - k**3 + 0 - 7/12*k**4. What is the units digit of d(8)?
9
Let x(m) = 16*m**2 + 18*m - 12. What is the hundreds digit of x(5)?
4
Let d(l) = 74*l - 753. What is the tens digit of d(22)?
7
What is the hundreds digit of (3 - 1832)*(6 + -7)?
8
Let o = 700 - 358. What is the hundreds digit of o?
3
Let n = 1871 - 882. What is the tens digit of n?
8
Let f be -2*(1 - -1 - 3). Suppose 0 = f*b - 7 - 35. Let a = b + 13. What is the units digit of a?
4
Let q = -636 - -394. Let w = -130 - q. What is the tens digit of w?
1
Suppose 0 = -3*v + 4*v + 21. Let t = v - -40. Let n = t + -18. What is the units digit of n?
1
Suppose -1148 = -9*i + 3361. What is the hundreds digit of i?
5
Suppose -11*q = -q - 1650. What is the units digit of q?
5
Let f be ((8/(-6))/2)/((-24)/324). Let g(s) = s**2 + 8. What is the units digit of g(f)?
9
Let p(t) = -14*t + 695. What is the tens digit of p(23)?
7
Let i = 43 + -93. Let y = i - -8. Let r = y - -61. What is the units digit of r?
9
Let h = 11 - 3. What is the tens digit of ((-6)/h)/((-4)/112)?
2
Let f = -54 - -46. Let q be ((-6)/(-3) + -2)/2. What is the units digit of 3 - q - (f - -8)?
3
Suppose 33*c + 596 = 12179. What is the units digit of c?
1
Suppose -27 + 99 = -6*u. What is the tens digit of (39/u)/13 + (-265)/(-4)?
6
Let h(a) = -311*a - 99. What is the tens digit of h(-3)?
3
Suppose -66*v = -80*v + 17262. What is the hundreds digit of v?
2
Let j be (0/1 - 13) + 1. Let w be (j/30)/((-1)/10). Suppose 0 = -2*b + b + w. What is the units digit of b?
4
Suppose -2*z = -0*z + z. Let y(m) = m**2 - m + 72. What is the tens digit of y(z)?
7
Suppose -1395 = -6*g - 1353. What is the units digit of g?
7
Suppose -5*j = 3*w - 36 + 10, 4*w - 4 = j. Suppose -4*n + 4*v = -156, j*n + 0*n - 2*v - 166 = 0. What is the tens digit of n?
4
Let u = 10 - -175. Suppose -w - u = -3*m, -5*w + 4*w + 130 = 2*m. Let o = -43 + m. What is the units digit of o?
0
What is the hundreds digit of ((-20)/(-30))/((-5)/(-36))*45?
2
Suppose 2254 = 7*k - 6986. What is the thousands digit of k?
1
Let v be 15 - (-5)/((-20)/12). Suppose v*g - 370 = 7*g. What is the tens digit of g?
7
Let k = -27 + 2. Let x = k + 49. Suppose -2*f = -x - 22. What is the units digit of f?
3
Suppose 2*i - 4*c = 26, 4*c = 4*i + i - 35. What is the tens digit of i/((15/290)/1)?
5
Let b be -1 + 4 + (2 - -1). Suppose -b*y + 22 + 8 = 0. Suppose d - 19 = -y. What is the tens digit of d?
1
Let g(k) = 33*k**2 + 11*k - 5. What is the tens digit of g(4)?
6
Let i(m) = 4*m**3 - 2*m**2 + 3*m - 68. Let a(s) = -s**3 + s**2 - s + 1. Let w(v) = -3*a(v) - i(v). What is the tens digit of w(0)?
6
Let a be 5*(4 - 84/15). Let h(s) = s**3 - 6*s**2 + 3*s + 7. Let m be h(5). Let z = m - a. What is the units digit of z?
5
Suppose -b = -d + 6*d + 291, 0 = -2*d. Let j = b - -426. What is the hundreds digit of j?
1
Let l(t) = -t**3 + 9*t**2 + 12*t - 3. Let h be l(10). Let f = h + 2. Let m = f - 12. What is the units digit of m?
7
Suppose 3*g + 3*t = -2*t + 116, 2*g = 2*t + 56. Let c be (-2 + 6/8)*-8. Suppose -6*j + c*j = g. What is the units digit of j?
8
Suppose 723 = 11*m - 1675. Suppose 0 = 2*t - m - 162. What is the units digit of t?
0
Suppose 4*g = 9*g - b - 15356, 0 = g + 4*b - 3088. What is the tens digit of g?
7
Let n be ((-2)/6)/((-7)/(-105)). What is the tens digit of ((-1 - -1) + -1)*85/n?
1
Let x be (36/21)/((-12)/(-42)). Suppose -2*n + 5*n - x = 3*g, -3*n - 2*g = -21. What is the units digit of n?
5
Let c be 21/7 - (23 + -1). Let n = c + 20. What is the units digit of n?
1
Let s = -177 - -185. Suppose -5*d = -d + 1092. What is the tens digit of s/2*d/(-52)?
2
Suppose -2*b = -4*f + 9*f - 4879, -5*f = -3*b - 4894. What is the units digit of f?
7
Let w(q) = -6*q - 48. Let c be w(-23). Let z = -87 + c. What is the units digit of z?
3
Let n = -883 + 2062. What is the units digit of n?
9
Suppose 0*p - 63 = -7*p. Suppose 7*u - 47 = p. What is the units digit of u?
8
Suppose 0 = 14*d - 9*d - 2795. What is the hundreds digit of d?
5
Let i = 43 - -196. Let q = -140 + i. What is the units digit of q?
9
Let a(s) = -s**3 - 4*s**2 + 5*s + 2. Let n be a(-5). Let w(f) = 32*f - 6. What is the tens digit of w(n)?
5
Let p(g) = -g - 7. Let s be p(-7). Suppose 0 = -s*d - 3*d + 12. Suppose c + 3*z = 4*c - 30, -44 = -d*c + 5*z. What is the units digit of c?
6
Suppose 3*q + 4 = 5*q. Suppose k - 8 = d, 2*d - 4*d = q*k - 24. What is the tens digit of k?
1
Let f(b) = -b**3 + 7*b**2 - 3*b + 6. Let p be f(6). Let g = p - 0. What is the units digit of g?
4
Let j(r) = -r**2 - 3*r + 2. Let u be j(-3). Suppose -79 = -3*i + 3*h + 2*h, 52 = u*i - 4*h. What is the tens digit of i?
2
Let k(b) = -b**2 - 2*b + 5. Let s(c) = c**2 + 2*c - 5. Let m(q) = 4*k(q) + 5*s(q). Suppose x = 2*p + 5*x + 10, p = -x. What is the units digit of m(p)?
0
Let u be 2 - (-15 + 4)*1. Suppose u + 7 = 4*r. Suppose 66 = 2*j - 4*a, r*j + 2*a = -0*a + 201. What is the tens digit of j?
3
Suppose -8*b = -4*b - 2168. What is the tens digit of b?
4
What is the units digit of ((-3766)/7)/((-4)/2)?
9
Suppose 3*j + 79 = n, -28 = 4*j - 2*n + 74. Let q = 68 + j. What is the tens digit of q?
4
Let p be (3 + (-26)/(-2))/2. Let r be -4 + 2 + -1 + p. Suppose -4*s = -2*s - 4*t - 2, 5*t - 20 = -r*s. What is the units digit of s?
3
Let o be 8/40 - (-49)/5. Suppose -o*i + 9*i = 0. Suppose 4*c - 52 + i = 0. What is the tens digit of c?
1
Let u(k) = -83*k + 469. What is the hundreds digit of u(-18)?
9
Let y be ((-1)/2 - 0)*-12. Let g = -30 + 66. Suppose -10*h + g = -y*h. What is the units digit of h?
9
Suppose 5*t + 15 = -45. Let p = t + 15. Let c = p - -13. What is the tens digit of c?
1
Let h(s) = -s**3 + s**2 - 42*s - 308. What is the hundreds digit of h(-13)?
6
Let w(t) = 2*t - 1. Suppose 10 = 5*p - 115. Suppose 3*y - p = -4. What is the tens digit of w(y)?
1
Let j = -1120 + 1613. What is the units digit of j?
3
Let m(o) = o**3 + 3*o**2 - o - 7. Let b be m(-3). What is the units digit of 0 - 79/(b - -3)?
9
Let t = -2100 + 3567. What is the units digit of t?
7
What is the units digit of (-1 - -1327)*3/6 - -4?
7
Let h(f) = f**3 - 3*f**2 - 16*f - 9. Let b be h(6). What is the hundreds digit of 19227/68 + b/(-4)?
2
Let q be (-348)/(7/(84/(-8))). Suppose q = -t + 7*t. What is the tens digit of t?
8
Let z(s) = s**2 - s - 6. Let n(o) = -o - 4. Let u be n(-6). Suppose -3*m - 7 = -5*i, -u*m + 3*m - 16 = -2*i. What is the units digit of z(m)?
4
Suppose 5*n = -q - 168 + 8, -5*q = -3*n - 124. What is the tens digit of 59 - 1 - (-165)/n?
5
Let p = 414 - 275. What is the units digit of p?
9
Suppose 12 = -5*d + 2*d. Let p(l) = -666 - 2*l + 666. What is the units digit of p(d)?
8
Suppose -4*o = -4*b - 3108, 0 = -o + 6*b - 8*b + 774. What is the tens digit of o?
7
Suppose -d = 0, -19*d = 2*o - 20*d - 554. What is the units digit of o?
7
What is the units digit of (3 - 781/2)/(20/(-40))?
5
Let u(p) = -p**3 + 3*p**2 - 2*p + 6. Let i be u(3). Suppose k = -5*y + 72, 2*y = k - i*y - 72. What is the tens digit of k?
7
Let q = 33 - 21. Suppose 8*l + 272 = q*l. What is the tens digit of l?
6
What is the hundreds digit of 2131 + -4 + 3/(6 + -5)?
1
Suppose 0 = -u - 0 + 4. Let a = -75 - -78. Suppose 0*f + f - 1 = 0, a*y = -u*f + 79. What is the tens digit of y?
2
Let b(k) = -117*k. Let v be b(-2). Suppose -25*f = -28*f + v. What is the units digit of f?
8
Let p(q